s digit of 391514355?
9
What is the thousands digit of 158853566?
3
What is the ten thousands digit of 26886302?
8
What is the ten thousands digit of 796784567?
8
What is the tens digit of 5719886?
8
What is the units digit of 1834202543?
3
What is the ten millions digit of 23753868?
2
What is the units digit of 79672674?
4
What is the hundred millions digit of 464389329?
4
What is the tens digit of 882572181?
8
What is the hundred thousands digit of 2022106897?
1
What is the hundreds digit of 9043470?
4
What is the millions digit of 627773599?
7
What is the tens digit of 216565044?
4
What is the tens digit of 946448399?
9
What is the units digit of 108732977?
7
What is the hundred thousands digit of 166061061?
0
What is the tens digit of 853486848?
4
What is the millions digit of 113512035?
3
What is the millions digit of 15223117?
5
What is the tens digit of 29056511?
1
What is the units digit of 1392965806?
6
What is the tens digit of 1262347948?
4
What is the ten millions digit of 2410037928?
1
What is the hundreds digit of 99990889?
8
What is the hundreds digit of 1361994378?
3
What is the units digit of 63478308?
8
What is the units digit of 3905939636?
6
What is the ten millions digit of 500864260?
0
What is the millions digit of 186711612?
6
What is the ten thousands digit of 3532938?
3
What is the billions digit of 4301782364?
4
What is the millions digit of 445487119?
5
What is the thousands digit of 1421054574?
4
What is the billions digit of 7119959441?
7
What is the units digit of 695057253?
3
What is the units digit of 66043356?
6
What is the ten millions digit of 1795747964?
9
What is the ten millions digit of 3637649136?
3
What is the millions digit of 364680449?
4
What is the tens digit of 208561457?
5
What is the hundred thousands digit of 99472246?
4
What is the tens digit of 23038987?
8
What is the tens digit of 205235368?
6
What is the thousands digit of 25870171?
0
What is the millions digit of 711607269?
1
What is the hundreds digit of 7850087?
0
What is the tens digit of 8061616269?
6
What is the hundreds digit of 45769173?
1
What is the tens digit of 117342117?
1
What is the billions digit of 2651487478?
2
What is the hundred millions digit of 110402719?
1
What is the hundreds digit of 52525514?
5
What is the hundred millions digit of 288899301?
2
What is the hundred thousands digit of 33811273?
8
What is the ten millions digit of 200336140?
0
What is the ten thousands digit of 2627146568?
4
What is the hundred thousands digit of 73860273?
8
What is the hundred thousands digit of 277298903?
2
What is the hundred thousands digit of 196407875?
4
What is the hundred thousands digit of 476923265?
9
What is the ten thousands digit of 26681940?
8
What is the millions digit of 1534044250?
4
What is the units digit of 4369956186?
6
What is the hundreds digit of 118940137?
1
What is the tens digit of 949391180?
8
What is the ten thousands digit of 6275329?
7
What is the ten millions digit of 83571633?
8
What is the hundred millions digit of 7730342428?
7
What is the hundreds digit of 13012644?
6
What is the tens digit of 1754489560?
6
What is the hundred thousands digit of 13366111?
3
What is the units digit of 8259954?
4
What is the ten thousands digit of 128506186?
0
What is the tens digit of 28562204?
0
What is the millions digit of 453335008?
3
What is the millions digit of 126497765?
6
What is the thousands digit of 391526664?
6
What is the millions digit of 310055533?
0
What is the millions digit of 64268867?
4
What is the ten millions digit of 623567577?
2
What is the tens digit of 4281968448?
4
What is the ten thousands digit of 1280922373?
2
What is the hundreds digit of 27091316?
3
What is the ten thousands digit of 125308977?
0
What is the hundred thousands digit of 792890049?
8
What is the millions digit of 1431024900?
1
What is the hundreds digit of 4514471312?
3
What is the billions digit of 1167301932?
1
What is the hundreds digit of 53913631?
6
What is the millions digit of 234698091?
4
What is the ten millions digit of 89064032?
8
What is the ten millions digit of 38000514?
3
What is the hundreds digit of 1728918530?
5
What is the units digit of 4024522058?
8
What is the tens digit of 5939525873?
7
What is the units digit of 1243163274?
4
What is the units digit of 231832421?
1
What is the hundred thousands digit of 388487697?
4
What is the tens digit of 357956303?
0
What is the tens digit of 32871416?
1
What is the ten thousands digit of 35286614?
8
What is the millions digit of 25175406?
5
What is the hundreds digit of 2257472381?
3
What is the hundred thousands digit of 811019965?
0
What is the hundred thousands digit of 16770015?
7
What is the ten thousands digit of 98260194?
6
What is the ten millions digit of 3201309189?
0
What is the hundreds digit of 57727448?
4
What is the thousands digit of 2004214?
4
What is the hundreds digit of 936461631?
6
What is the units digit of 777740260?
0
What is the hundred thousands digit of 3141770165?
7
What is the ten thousands digit of 1424060014?
6
What is the hundred millions digit of 1677262390?
6
What is the tens digit of 427463707?
0
What is the units digit of 3686802631?
1
What is the ten millions digit of 63105107?
6
What is the units digit of 121169088?
8
What is the millions digit of 329112252?
9
What is the millions digit of 418493341?
8
What is the hundred thousands digit of 9610987749?
9
What is the tens digit of 301103634?
3
What is the millions digit of 275150057?
5
What is the billions digit of 1782005314?
1
What is the hundreds digit of 65515419?
4
What is the millions digit of 68452484?
8
What is the ten thousands digit of 62019560?
1
What is the hundreds digit of 20792427?
4
What is the thousands digit of 1742265310?
5
What is the units digit of 1208943322?
2
What is the hundred thousands digit of 1621689254?
6
What is the thousands digit of 17046316?
6
What is the hundreds digit of 7877892724?
7
What is the hundreds digit of 53901926?
9
What is the millions digit of 188787973?
8
What is the ten millions digit of 259228222?
5
What is the hundreds digit of 31813001?
0
What is the ten thousands digit of 45930433?
3
What is the units digit of 929633570?
0
What is the ten thousands digit of 21958177?
5
What is the units digit of 914697034?
4
What is the millions digit of 189995048?
9
What is the units digit of 7025701225?
5
What is the hundreds digit of 13565354?
3
What is the hundred millions digit of 3743278003?
7
What is the billions digit of 1828274345?
1
What is the hundred millions digit of 232470016?
2
What is the ten millions digit of 123447877?
2
What is the units digit of 1944247489?
9
What is the hundred millions digit of 1240391469?
2
What is the ten thousands digit of 107425249?
2
What is the millions digit of 3290940842?
0
What is the units digit of 1102543585?
5
What is the ten millions digit of 1636783554?
3
What is the hundred thousands digit of 15992006?
9
What is the hundred millions digit of 504750334?
5
What is the millions digit of 324608742?
4
What is the ten millions digit of 486548054?
8
What is the ten thousands digit of 5176367947?
6
What is the ten thousands digit of 28214230?
1
What is the millions digit of 44496640?
4
What is the tens digit of 70051572?
7
What is the hundreds digit of 41712729?
7
What is the units digit of 1556527?
7
What is the ten thousands digit of 18230?
1
What is the ten millions digit of 581835463?
8
What is the hundred thousands digit of 1737795925?
7
What is the units digit of 114279797?
7
What is the tens digit of 4396379539?
3
What is the hundred thousands digit of 315164909?
1
What is the ten thousands digit of 1582282473?
8
What is the units digit of 64039729?
9
What is the thousands digit of 625002798?
2
What is the thousands digit of 909453719?
3
What is the ten thousands digit of 246897281?
9
What is the units digit of 421640552?
2
What is the units digit of 402177858?
8
What is the units digit of 200502464?
4
What is the ten millions digit of 135739059?
3
What is the units digit of 7851179209?
9
What is the units digit of 2160732712?
2
What is the hundred millions digit of 1649709825?
6
What is the ten millions digit of 70860835?
7
What is the thousands digit of 15703650?
3
What is the t